{"id":298,"date":"2024-02-01T10:33:30","date_gmt":"2024-02-01T09:33:30","guid":{"rendered":"https:\/\/www.pierre-le-cycliste.fr\/?page_id=298"},"modified":"2024-02-01T11:18:11","modified_gmt":"2024-02-01T10:18:11","slug":"biblio-cycles","status":"publish","type":"page","link":"https:\/\/www.pierre-le-cycliste.fr\/index.php\/biblio-cycles\/","title":{"rendered":"Biblio-Cycles, livres sur le v\u00e9lo"},"content":{"rendered":"<p>Les animateurs de ce blog ont pour ambition de pr\u00e9senter toute la richesse et la diversit\u00e9 des parutions autour de la bicyclette.<\/p>\n<p><a href=\"http:\/\/biblio-cyclesdephilippeorgebin.hautetfort.com\/\">Biblio-cycles d&rsquo;Herv\u00e9 Le Cahain et Jean-Yves Mounier<\/a><\/p>\n","protected":false},"excerpt":{"rendered":"<p>Les animateurs de ce blog ont pour ambition de pr\u00e9senter toute la richesse et la diversit\u00e9 des parutions autour de la bicyclette. Biblio-cycles d&rsquo;Herv\u00e9 Le Cahain et Jean-Yves Mounier<\/p>\n","protected":false},"author":1,"featured_media":0,"parent":0,"menu_order":0,"comment_status":"closed","ping_status":"closed","template":"","meta":{"footnotes":""},"class_list":["post-298","page","type-page","status-publish","hentry"],"_links":{"self":[{"href":"https:\/\/www.pierre-le-cycliste.fr\/index.php\/wp-json\/wp\/v2\/pages\/298","targetHints":{"allow":["GET"]}}],"collection":[{"href":"https:\/\/www.pierre-le-cycliste.fr\/index.php\/wp-json\/wp\/v2\/pages"}],"about":[{"href":"https:\/\/www.pierre-le-cycliste.fr\/index.php\/wp-json\/wp\/v2\/types\/page"}],"author":[{"embeddable":true,"href":"https:\/\/www.pierre-le-cycliste.fr\/index.php\/wp-json\/wp\/v2\/users\/1"}],"replies":[{"embeddable":true,"href":"https:\/\/www.pierre-le-cycliste.fr\/index.php\/wp-json\/wp\/v2\/comments?post=298"}],"version-history":[{"count":2,"href":"https:\/\/www.pierre-le-cycliste.fr\/index.php\/wp-json\/wp\/v2\/pages\/298\/revisions"}],"predecessor-version":[{"id":318,"href":"https:\/\/www.pierre-le-cycliste.fr\/index.php\/wp-json\/wp\/v2\/pages\/298\/revisions\/318"}],"wp:attachment":[{"href":"https:\/\/www.pierre-le-cycliste.fr\/index.php\/wp-json\/wp\/v2\/media?parent=298"}],"curies":[{"name":"wp","href":"https:\/\/api.w.org\/{rel}","templated":true}]}}