{"id":302,"date":"2024-02-01T10:47:16","date_gmt":"2024-02-01T09:47:16","guid":{"rendered":"https:\/\/www.pierre-le-cycliste.fr\/?page_id=302"},"modified":"2024-02-01T11:07:29","modified_gmt":"2024-02-01T10:07:29","slug":"cyclo-randonnee","status":"publish","type":"page","link":"https:\/\/www.pierre-le-cycliste.fr\/index.php\/cyclo-randonnee\/","title":{"rendered":"Cyclo-randonn\u00e9e pour acheter et entretenir son v\u00e9lo de randonn\u00e9e"},"content":{"rendered":"<p><a href=\"https:\/\/www.cyclo-randonnee.fr\/lire\/rub-qui-sommes-nous-9.html\">Cyclo-randonn\u00e9e<\/a> est un site sp\u00e9cialis\u00e9 dans le mat\u00e9riel pour voyager \u00e0 v\u00e9lo.<\/p>\n<p>Un excellent site pour acheter du mat\u00e9riel de randonn\u00e9e \u00e0 v\u00e9lo,<\/p>\n<p>et c&rsquo;est un site tr\u00e8s simple, loin des des sites inutilement sophistiqu\u00e9s d&rsquo;aujourd&rsquo;hui !<\/p>\n<p>Plein de bons conseils pour choisir du mat\u00e9riel, et une grande r\u00e9activit\u00e9 de Julien quand on pose des questions.<\/p>\n<p>Tout ce qu&rsquo;il faut pour r\u00e9parer et entretenir son v\u00e9lo, un v\u00e9lo qui roule, s&rsquo;use !<\/p>\n<p>J&rsquo;y ai achet\u00e9 deux v\u00e9los, <\/p>\n<p>&#8211; un premier en 2011, j&rsquo;en \u00e9tais tr\u00e8s satisfait, <\/p>\n<p>&#8211; un deuxi\u00e8me en 2020, encore plus satisfait,<\/p>\n<p>et ces deux v\u00e9los roulent toujours parfaitement !<\/p>\n","protected":false},"excerpt":{"rendered":"<p>Cyclo-randonn\u00e9e est un site sp\u00e9cialis\u00e9 dans le mat\u00e9riel pour voyager \u00e0 v\u00e9lo. Un excellent site pour acheter du mat\u00e9riel de randonn\u00e9e \u00e0 v\u00e9lo, et c&rsquo;est un site tr\u00e8s simple, loin des des sites inutilement sophistiqu\u00e9s d&rsquo;aujourd&rsquo;hui ! Plein de bons &hellip; <a href=\"https:\/\/www.pierre-le-cycliste.fr\/index.php\/cyclo-randonnee\/\">Continuer la lecture <span class=\"meta-nav\">&rarr;<\/span><\/a><\/p>\n","protected":false},"author":1,"featured_media":0,"parent":0,"menu_order":0,"comment_status":"closed","ping_status":"closed","template":"","meta":{"footnotes":""},"class_list":["post-302","page","type-page","status-publish","hentry"],"_links":{"self":[{"href":"https:\/\/www.pierre-le-cycliste.fr\/index.php\/wp-json\/wp\/v2\/pages\/302","targetHints":{"allow":["GET"]}}],"collection":[{"href":"https:\/\/www.pierre-le-cycliste.fr\/index.php\/wp-json\/wp\/v2\/pages"}],"about":[{"href":"https:\/\/www.pierre-le-cycliste.fr\/index.php\/wp-json\/wp\/v2\/types\/page"}],"author":[{"embeddable":true,"href":"https:\/\/www.pierre-le-cycliste.fr\/index.php\/wp-json\/wp\/v2\/users\/1"}],"replies":[{"embeddable":true,"href":"https:\/\/www.pierre-le-cycliste.fr\/index.php\/wp-json\/wp\/v2\/comments?post=302"}],"version-history":[{"count":3,"href":"https:\/\/www.pierre-le-cycliste.fr\/index.php\/wp-json\/wp\/v2\/pages\/302\/revisions"}],"predecessor-version":[{"id":311,"href":"https:\/\/www.pierre-le-cycliste.fr\/index.php\/wp-json\/wp\/v2\/pages\/302\/revisions\/311"}],"wp:attachment":[{"href":"https:\/\/www.pierre-le-cycliste.fr\/index.php\/wp-json\/wp\/v2\/media?parent=302"}],"curies":[{"name":"wp","href":"https:\/\/api.w.org\/{rel}","templated":true}]}}

Cyclo-randonnée pour acheter et entretenir son vélo de randonnée

<p><a href="https://www.cyclo-randonnee.fr/lire/rub-qui-sommes-nous-9.html">Cyclo-randonnée</a> est un site spécialisé dans le matériel pour voyager à vélo.</p>
<p>Un excellent site pour acheter du matériel de randonnée à vélo,</p>
<p>et c&rsquo;est un site très simple, loin des des sites inutilement sophistiqués d&rsquo;aujourd&rsquo;hui !</p>
<p>Plein de bons conseils pour choisir du matériel, et une grande réactivité de Julien quand on pose des questions.</p>
<p>Tout ce qu&rsquo;il faut pour réparer et entretenir son vélo, un vélo qui roule, s&rsquo;use !</p>
<p>J&rsquo;y ai acheté deux vélos, </p>
<p>&#8211; un premier en 2011, j&rsquo;en étais très satisfait, </p>
<p>&#8211; un deuxième en 2020, encore plus satisfait,</p>
<p>et ces deux vélos roulent toujours parfaitement !</p>

<p>Cyclo-randonnée est un site spécialisé dans le matériel pour voyager à vélo. Un excellent site pour acheter du matériel de randonnée à vélo, et c&rsquo;est un site très simple, loin des des sites inutilement sophistiqués d&rsquo;aujourd&rsquo;hui ! Plein de bons &hellip; <a href="https://www.pierre-le-cycliste.fr/index.php/cyclo-randonnee/">Continuer la lecture <span class="meta-nav">&rarr;</span></a></p>
