{"id":7978,"date":"2025-11-16T18:40:17","date_gmt":"2025-11-16T17:40:17","guid":{"rendered":"https:\/\/www.pierre-le-cycliste.fr\/?page_id=7978"},"modified":"2025-11-16T18:40:17","modified_gmt":"2025-11-16T17:40:17","slug":"2025-4-espagne-maroc","status":"publish","type":"page","link":"https:\/\/www.pierre-le-cycliste.fr\/index.php\/2025-4-espagne-maroc\/","title":{"rendered":"2025-4-Espagne-Maroc"},"content":{"rendered":"<p><img loading=\"lazy\" decoding=\"async\" src=\"https:\/\/www.pierre-le-cycliste.fr\/wp-content\/uploads\/2025\/11\/Espagne-Maroc-Page-de-Garde.jpg\" alt=\"\" width=\"652\" height=\"845\" class=\"alignnone size-full wp-image-7979\" srcset=\"https:\/\/www.pierre-le-cycliste.fr\/wp-content\/uploads\/2025\/11\/Espagne-Maroc-Page-de-Garde.jpg 652w, https:\/\/www.pierre-le-cycliste.fr\/wp-content\/uploads\/2025\/11\/Espagne-Maroc-Page-de-Garde-231x300.jpg 231w\" sizes=\"auto, (max-width: 652px) 100vw, 652px\" \/><\/p>\n<p>T\u00e9l\u00e9charger <a href=\"https:\/\/www.pierre-le-cycliste.fr\/voyages\/2025-4-Espagne-Maroc.pdf\">Journal de randonn\u00e9e en Espagne et au Maroc du 4 septembre au 13 octobre 2025<\/a> : 220 Mo<\/p>\n","protected":false},"excerpt":{"rendered":"<p>T\u00e9l\u00e9charger Journal de randonn\u00e9e en Espagne et au Maroc du 4 septembre au 13 octobre 2025 : 220 Mo<\/p>\n","protected":false},"author":1,"featured_media":0,"parent":0,"menu_order":0,"comment_status":"closed","ping_status":"closed","template":"","meta":{"footnotes":""},"class_list":["post-7978","page","type-page","status-publish","hentry"],"_links":{"self":[{"href":"https:\/\/www.pierre-le-cycliste.fr\/index.php\/wp-json\/wp\/v2\/pages\/7978","targetHints":{"allow":["GET"]}}],"collection":[{"href":"https:\/\/www.pierre-le-cycliste.fr\/index.php\/wp-json\/wp\/v2\/pages"}],"about":[{"href":"https:\/\/www.pierre-le-cycliste.fr\/index.php\/wp-json\/wp\/v2\/types\/page"}],"author":[{"embeddable":true,"href":"https:\/\/www.pierre-le-cycliste.fr\/index.php\/wp-json\/wp\/v2\/users\/1"}],"replies":[{"embeddable":true,"href":"https:\/\/www.pierre-le-cycliste.fr\/index.php\/wp-json\/wp\/v2\/comments?post=7978"}],"version-history":[{"count":1,"href":"https:\/\/www.pierre-le-cycliste.fr\/index.php\/wp-json\/wp\/v2\/pages\/7978\/revisions"}],"predecessor-version":[{"id":7980,"href":"https:\/\/www.pierre-le-cycliste.fr\/index.php\/wp-json\/wp\/v2\/pages\/7978\/revisions\/7980"}],"wp:attachment":[{"href":"https:\/\/www.pierre-le-cycliste.fr\/index.php\/wp-json\/wp\/v2\/media?parent=7978"}],"curies":[{"name":"wp","href":"https:\/\/api.w.org\/{rel}","templated":true}]}}

<p><img loading="lazy" decoding="async" src="https://www.pierre-le-cycliste.fr/wp-content/uploads/2025/11/Espagne-Maroc-Page-de-Garde.jpg" alt="" width="652" height="845" class="alignnone size-full wp-image-7979" srcset="https://www.pierre-le-cycliste.fr/wp-content/uploads/2025/11/Espagne-Maroc-Page-de-Garde.jpg 652w, https://www.pierre-le-cycliste.fr/wp-content/uploads/2025/11/Espagne-Maroc-Page-de-Garde-231x300.jpg 231w" sizes="auto, (max-width: 652px) 100vw, 652px" /></p>
<p>Télécharger <a href="https://www.pierre-le-cycliste.fr/voyages/2025-4-Espagne-Maroc.pdf">Journal de randonnée en Espagne et au Maroc du 4 septembre au 13 octobre 2025</a> : 220 Mo</p>

<p>Télécharger Journal de randonnée en Espagne et au Maroc du 4 septembre au 13 octobre 2025 : 220 Mo</p>
