{"id":8075,"date":"2026-02-15T18:39:31","date_gmt":"2026-02-15T17:39:31","guid":{"rendered":"https:\/\/www.pierre-le-cycliste.fr\/?page_id=8075"},"modified":"2026-02-19T08:32:47","modified_gmt":"2026-02-19T07:32:47","slug":"liste-de-mes-voyages-a-velos-2","status":"publish","type":"page","link":"https:\/\/www.pierre-le-cycliste.fr\/index.php\/liste-de-mes-voyages-a-velos-2\/","title":{"rendered":"Liste de mes voyages \u00e0 v\u00e9los"},"content":{"rendered":"<p>76\t<a href=\"https:\/\/www.pierre-le-cycliste.fr\/index.php\/2025-4-Espagne-Maroc\/\">2025 4 Espagne &#8211; Maroc <\/a><br \/>\n75\t<a href=\"https:\/\/www.pierre-le-cycliste.fr\/index.php\/2025-3-alpes-europeennes\/\">2025 3 Les Alpes Europ\u00e9ennes<\/a><br \/>\n74\t<a href=\"https:\/\/www.pierre-le-cycliste.fr\/index.php\/2025-2-le-train-des-mouettes\/\">2025 2 Le Train des Mouettes<\/a><br \/>\n73\t<a href=\"https:\/\/www.pierre-le-cycliste.fr\/index.php\/2025-1-tour-en-allemagne\/\">2025 1 Tour en Allemagne<\/a><br \/>\n72\t<a href=\"https:\/\/www.pierre-le-cycliste.fr\/index.php\/sur-les-traces-de-la-guerre-1914-1918\/\">2024 8 Sur les traces de mon grand-p\u00e8re pendant la guerre 1914-1918<\/a><br \/>\n71\t<a href=\"https:\/\/www.pierre-le-cycliste.fr\/index.php\/2024-7-velo-en-oisans\/\">2024 7 S\u00e9jour en Oisans et Brevet Alpin de Cyclotourisme<\/a><br \/>\n70\t<a href=\"https:\/\/www.pierre-le-cycliste.fr\/index.php\/2024-6-ardechoise\/\">2024 6 L&rsquo;Ard\u00e9choise<\/a><br \/>\n69\t<a href=\"https:\/\/www.pierre-le-cycliste.fr\/index.php\/sejour-velo-sur-la-costa-brava\/\">2024 5 S\u00e9jour V\u00e9lo sur la Costa Brava<\/a><br \/>\n68\t<a href=\"https:\/\/www.pierre-le-cycliste.fr\/index.php\/2024-4-tro-breizh\/\">2024 4 Tro Breizh<\/a><br \/>\n67\t<a href=\"https:\/\/www.pierre-le-cycliste.fr\/index.php\/le-journal-du-grand-defi-railcoop\/\">2024 3 Le Grand D\u00e9fi Railcoop<\/a><br \/>\n66\t<a href=\"https:\/\/www.pierre-le-cycliste.fr\/index.php\/2024-2-monts-du-lyonnais-valence-roanne\/\">2024 2 Monts du Lyonnais-Valence Roanne<\/a><br \/>\n65\t<a href=\"https:\/\/www.pierre-le-cycliste.fr\/index.php\/2024-1-bocage-vendeen\/\">2024 1 Bocage Vend\u00e9en<\/a><br \/>\n64\t<a href=\"https:\/\/www.pierre-le-cycliste.fr\/index.php\/2023-de-nice-a-istanbul-et-retour\/\">2023 Nice Istanbul et retour<\/a><br \/>\n63\t<a href=\"https:\/\/www.pierre-le-cycliste.fr\/index.php\/2022-3-viree-pyrenenne\/\">2022-3 Vir\u00e9e pyr\u00e9n\u00e9enne<\/a><br \/>\n62\t<a href=\"https:\/\/www.pierre-le-cycliste.fr\/index.php\/2022-2-journal-tour-des-iles-britanniques\/\">2022 2 Nantes Roscoff Devon Pays de Galles Irlande Ecosse Angleterre<\/a><br \/>\n61\t<a href=\"https:\/\/www.pierre-le-cycliste.fr\/index.php\/2022-1-voyage-nantes-brest-pdf\/\">2022 1 Ch\u00e2teaubriant Brest via la c\u00f4te nord Bretagne<\/a><br \/>\n\t<a href=\"https:\/\/www.pierre-le-cycliste.fr\/index.php\/2021-un-tour-de-france\/\">2021 1 2 3 4 5 Un tour de France<\/a><br \/>\n60\t2021 5 Saint Paul en Jarez La Chapelle sur Erdre via Perpignan<br \/>\n59\t2021 4 Saint Paul en Jarez Grenoble 170 km<br \/>\n58\t2021 3 Saint Paul Perpignan<br \/>\n57\t2021 2 Tourcoing Saint Paul en Jarez avec Fanny<br \/>\n56\t2021 1 Nantes Tourcoing<br \/>\n55\t<a href=\"https:\/\/www.pierre-le-cycliste.fr\/index.php\/2020-1-angers-rennes-avec-thomas-et-violette\/\">2021 0 Angers Rennes 160.1km avec Violette et Thomas<\/a><br \/>\n54\t2020 3 Douarnenez Pointe du Raz Loctudy Crozon<br \/>\n53\t2020 2 Oisans<br \/>\n52\t<a href=\"https:\/\/www.pierre-le-cycliste.fr\/index.php\/2019-3-maroc-pdf\/\">2019 6 Voyage2019 2 Maroc 3000km<\/a><br \/>\n51\t<a href=\"https:\/\/www.pierre-le-cycliste.fr\/index.php\/2020-2-nantes-aix-en-provence\/\">2020 1 Nantes Saint Paul en Jarez Aix en Provence Valence 1245 km<\/a><br \/>\n50\t<a href=\"https:\/\/www.pierre-le-cycliste.fr\/index.php\/2020-1-la-chapelle-sur-erdre-rennes-avec-thomas\/\">2020 0 Nantes Rennes avec Thomas et Violette<\/a><br \/>\n49\t2019 5 La Roche surYon Nantes avec Thomas<br \/>\n48\t<a href=\"https:\/\/www.pierre-le-cycliste.fr\/index.php\/2019-2-bra-brevet-de-randonneur-des-alpes-pdf\/\">2019 3 BRA Freney d&rsquo;Oisans<\/a><br \/>\n47\t<a href=\"https:\/\/www.pierre-le-cycliste.fr\/index.php\/2019-1-ukraine-et-retour\/\">2019 2 Ukraine 4000km<\/a><br \/>\n46\t2019 1 Sud Ouest<br \/>\n45\t<a href=\"https:\/\/www.pierre-le-cycliste.fr\/index.php\/2018-2-espagne-portugal-pdf\/\">2018 2 Narbonne Barcelone Madrid Lisbonne Tanger<\/a><br \/>\n44\t<a href=\"https:\/\/www.pierre-le-cycliste.fr\/index.php\/2018-1-pays-baltes-russie-finlande-suede\/\">2018 1 Varsovie Saint Petersbourg Moscou Stokholm Copenhague 6900 km<\/a><br \/>\n\t<a href=\"https:\/\/www.pierre-le-cycliste.fr\/index.php\/2017-nantes-londres-berlin-prague-varsovie\/\">2017 1 2 3<\/a><br \/>\n43\t2017 3 Nice Rome Ath\u00e8nes<br \/>\n42\t2017 2 Nantes Londres Berlin Prague Varsovie 7500 km<br \/>\n41\t2017 1 La Chapelle sur Erdre Angers 104 km x 2 &#8211; avec Beno\u00eet, puis Thomas<br \/>\n40\t2016 Nevers Bourg Saint Maurice<br \/>\n39\t2015 Blois Menton 1194 km<br \/>\n38\t2014 La Chapelle sur Erdre Orange 1031 km<br \/>\n37\t2012 Orl\u00e9ans Saint Jean de Luz 1319 km<br \/>\n36\t2012 Bayonne Saint Jacques de Compostelle 1253 km<br \/>\n35\t2011 Tour de la Gasp\u00e9sie 1759 km<br \/>\n34\t2011 Marcilly les Buxy La Chapelle sur Erdre 611 km<br \/>\n33\t2010 Marcilly les Buxy Cercy la Tour 468 km<br \/>\n32\t2010 Marcilly les Buxy Oyonnax 412 km<br \/>\n31\t2010 Blois Marcilly les Buxy 809 km<br \/>\n30\t2009 Tour de Corse 899 km<br \/>\n29\t<a href=\"https:\/\/www.pierre-le-cycliste.fr\/index.php\/2006-2008-voyages-en-algerie\/\">2008 Alg\u00e9rie<\/a><br \/>\n28\t2007 Hendaye Toulouse 465 km<br \/>\n27\t2007 Nevers Regensburg 1361 km<br \/>\n26\t2006 Nantes Cognac VicFezensac<br \/>\n25\t<a href=\"https:\/\/www.pierre-le-cycliste.fr\/index.php\/2006-2008-voyages-en-algerie\/\">2006 Alg\u00e9rie<\/a><br \/>\n24\t<a href=\"https:\/\/www.pierre-le-cycliste.fr\/index.php\/2005-de-tourcoing-a-quernes-un-tour-de-hollande-1229-km\/\">2005 De Tourcoing \u00e0 Quernes, un tour de Hollande 1229 km<\/a><br \/>\n23\t2004 Nantes Arles 1257.8km<br \/>\n22\t<a href=\"https:\/\/www.pierre-le-cycliste.fr\/index.php\/2003-vacances-a-doucy-combelouviere\/\">2003 Vacances \u00e0 Doucy-Combelouvi\u00e8re<\/a><br \/>\n21\t<a href=\"https:\/\/www.pierre-le-cycliste.fr\/index.php\/2001-la-chapelle-sur-erdre-tourcoing-936-km\/\">2001 La Chapelle sur Erdre Tourcoing 936 km<\/a><br \/>\n20\t<a href=\"https:\/\/www.pierre-le-cycliste.fr\/index.php\/2000-nantes-limoges-perigueux-saintes-731-km\/\">2000 Nantes Limoges P\u00e9rigueux Saintes 731 km<\/a><br \/>\n19\t1999 Nantes Tr\u00e9boul 293 km<br \/>\n18\t1998 Tours Dijon 416 km &#8211; Colmar Breitenbach Colmar 51 km &#8211; Strasbourg Schaidt 85 km<br \/>\n17\t<a href=\"https:\/\/www.pierre-le-cycliste.fr\/index.php\/1993-la-hollande-avec-les-enfants\/\">1993 La Hollande avec les enfants<\/a><br \/>\n16\t<a href=\"https:\/\/www.pierre-le-cycliste.fr\/index.php\/1992-la-chapelle-sur-erdre-douarnenez-avec-erwan-328km\/\">1992 La Chapelle-sur-Erdre Douarnenez avec Erwan 328km<\/a><br \/>\n15\t<a href=\"https:\/\/www.pierre-le-cycliste.fr\/index.php\/1984-la-chapelle-sur-erdre-rhyl-pays-de-galles-1137-km\/\">1984 La Chapelle sur Erdre Rhyl PaysdeGalles 1137 km<\/a><br \/>\n14\t<a href=\"https:\/\/www.pierre-le-cycliste.fr\/index.php\/1983-la-chapelle-sur-erdre-montpellier-859-km\/\">1983 La Chapelle sur Erdre Montpellier 859 km<\/a><br \/>\n13\t1981 La Chapelle sur Erdre Carcassonne 1018 km<br \/>\n12\t<a href=\"https:\/\/www.pierre-le-cycliste.fr\/index.php\/1978-nantes-copenhague-1724-km\/\">1978 Nantes Copenhague 1724 km<\/a><br \/>\n11\t<a href=\"https:\/\/www.pierre-le-cycliste.fr\/index.php\/1977-ville-davray-salzburg-1545-km\/\">1977 Ville d Avray Salzburg 1545 km<\/a><br \/>\n10\t<a href=\"https:\/\/www.pierre-le-cycliste.fr\/index.php\/1976-lyon-lyon-879-km\/\">1976 Lyon Lyon 879 km<\/a><br \/>\n9\t<a href=\"https:\/\/www.pierre-le-cycliste.fr\/index.php\/1976-quernes-la-roche-sur-yon-631-km-en-tandem\/\">1976 Quernes La Roche sur Yon <strong>631 km en tandem<\/strong><\/a><br \/>\n8\t1975 Kehl Nancy 140 km<br \/>\n7\t<a href=\"https:\/\/www.pierre-le-cycliste.fr\/index.php\/1975-kehl-nice-1069-km\/\">1975 Kehl Nice 1069 km<\/a><br \/>\n6\t<a href=\"https:\/\/www.pierre-le-cycliste.fr\/index.php\/1975-foret-noire-et-alsace\/\">1975 For\u00eat Noire et Alsace<\/a><br \/>\n5\t<a href=\"https:\/\/www.pierre-le-cycliste.fr\/index.php\/1974-saincaize-saint-martin-en-vercors-1341-km\/\">1974 Saincaize Saint Martin en Vercors 1341 km<\/a><br \/>\n4\t1974 Nantes Ville d Avray <strong>456 km en 48h<\/strong><br \/>\n3\t<a href=\"https:\/\/www.pierre-le-cycliste.fr\/index.php\/1973-arras-la-roche-sur-yon-via-les-pyrenees-2247-km\/\">1973 Arras La Roche sur Yon via les Pyrenees 2247 km<\/a><br \/>\n2\t<a href=\"https:\/\/www.pierre-le-cycliste.fr\/index.php\/1972-arras-la-roche-sur-yon-600-km\/\">1972 La Roche sur Yon P\u00e9rigueux Bordeaux 684 km<\/a><br \/>\n1\t<a href=\"https:\/\/www.pierre-le-cycliste.fr\/index.php\/1972-arras-la-roche-sur-yon-600-km\/\">1972 Arras La Roche sur Yon 600 km<\/a><\/p>\n","protected":false},"excerpt":{"rendered":"<p>76 2025 4 Espagne &#8211; Maroc 75 2025 3 Les Alpes Europ\u00e9ennes 74 2025 2 Le Train des Mouettes 73 2025 1 Tour en Allemagne 72 2024 8 Sur les traces de mon grand-p\u00e8re pendant la guerre 1914-1918 71 2024 &hellip; <a href=\"https:\/\/www.pierre-le-cycliste.fr\/index.php\/liste-de-mes-voyages-a-velos-2\/\">Continuer la lecture <span class=\"meta-nav\">&rarr;<\/span><\/a><\/p>\n","protected":false},"author":1,"featured_media":0,"parent":0,"menu_order":0,"comment_status":"closed","ping_status":"closed","template":"","meta":{"footnotes":""},"class_list":["post-8075","page","type-page","status-publish","hentry"],"_links":{"self":[{"href":"https:\/\/www.pierre-le-cycliste.fr\/index.php\/wp-json\/wp\/v2\/pages\/8075","targetHints":{"allow":["GET"]}}],"collection":[{"href":"https:\/\/www.pierre-le-cycliste.fr\/index.php\/wp-json\/wp\/v2\/pages"}],"about":[{"href":"https:\/\/www.pierre-le-cycliste.fr\/index.php\/wp-json\/wp\/v2\/types\/page"}],"author":[{"embeddable":true,"href":"https:\/\/www.pierre-le-cycliste.fr\/index.php\/wp-json\/wp\/v2\/users\/1"}],"replies":[{"embeddable":true,"href":"https:\/\/www.pierre-le-cycliste.fr\/index.php\/wp-json\/wp\/v2\/comments?post=8075"}],"version-history":[{"count":7,"href":"https:\/\/www.pierre-le-cycliste.fr\/index.php\/wp-json\/wp\/v2\/pages\/8075\/revisions"}],"predecessor-version":[{"id":8096,"href":"https:\/\/www.pierre-le-cycliste.fr\/index.php\/wp-json\/wp\/v2\/pages\/8075\/revisions\/8096"}],"wp:attachment":[{"href":"https:\/\/www.pierre-le-cycliste.fr\/index.php\/wp-json\/wp\/v2\/media?parent=8075"}],"curies":[{"name":"wp","href":"https:\/\/api.w.org\/{rel}","templated":true}]}}